{"id":65,"date":"2013-05-25T15:33:44","date_gmt":"2013-05-25T13:33:44","guid":{"rendered":"http:\/\/memoriasentertainment.de\/Kunden\/sipan-film\/?page_id=65"},"modified":"2019-07-27T23:52:24","modified_gmt":"2019-07-27T21:52:24","slug":"ljsfs","status":"publish","type":"page","link":"https:\/\/sipan-film.com\/?page_id=65","title":{"rendered":"Lj\u0161f\u0160"},"content":{"rendered":"<p align=\"left\">Najva\u017enije polje kojem se posve\u0107uje \u201eLjetna \u0161kola filma \u0160ipan\u201c je<strong> razvijanje medijske kompetencije, tj. kompetentna primjena novih tehnologija i medija od strane djece u dobi od 9 do 14 godina.<\/strong> Prvenstveno se to odnosi na djecu otoka \u0160ipana, koja zbog specifi\u010dne situacije otoka nisu u mogu\u010dnosti tijekom godine pratiti kinematografska ostvarenja ili kazali\u0161ne izvedbe. Najbli\u017ee kino ili kazali\u0161te je u Dubrovniku a kako do \u0160ipana ne postoje ve\u010dernje ili no\u0107ne brodske veze, mogu\u010dnost gledanja filmova ili kazali\u0161nih izvedba je prakti\u010dno isklju\u010dena. No isto tako u na\u0161e radionice uklju\u010dena su i djeca gostiju i turista koji tih dana borave na \u0160ipanu.<\/p>\n<p align=\"left\">Kao udruga \u201e\u0160kola filma \u0160ipan\u201c nastojimo djeci i mladima koji poha\u0111aju na\u0161e radionice pru\u017eiti \u0161to profesionalnije ozra\u010dje u kojem oni mogu razviti sve svoje ideje i u kojem mogu svoje zamisli dovesti do krajnjeg rezultata \u2013 gotovog filma (kratkog igranog, dokumentarnog ili animiranog), fotografske izlo\u017ebe ili napisanog scenarija. Sve to uz stru\u010dne voditelje koji zadovoljavaju kriterije svoje struke, bilo da su redatelji, scenaristi, monta\u017eeri ili glumci, a istovremeno imaju odre\u0111en pedago\u0161ki pristup djeci i mladima koji im omogu\u0107uje vo\u0111enje ovih zahtjevnih radionica.<\/p>\n<p>Iako je Nacionalnim programom razvitka otoka, \u010dije je osnovno na\u010delo izjedna\u010davanje uvjeta i kvalitete \u017eivota na otocima i na kopnu, zadan institucionalni okvir za razvoj otoka i formalno potaknuto djelovanje oto\u010dkih udruga na kulturno-umjetni\u010dko stvarala\u0161tvo i obrazovne programe za oto\u010dko stanovni\u0161tvo, osobito djecu i mlade, kulturno-umjetni\u010dki razvitak otoka nije mogu\u0107e ostvariti u \u017eeljenom obimu zbog nedostatka financijskih sredstava i institucinalnih formi. Stoga se ovim projektom poku\u0161ava rije\u0161iti taj problem kroz <strong>organizaciju Ljetne \u0161kole filma \u0160ipan (LJ\u0160F\u0160)<\/strong>. LJ\u0160F\u0160 se organizira ve\u0107 \u0161esnaest godina za redom te \u0107e se kroz ovaj projekt unaprijediti uvjeti za njezino daljnje odvijanje, a nabavkom opreme osigurati njezina odr\u017eivost u budu\u0107nosti. LJ\u0160F\u0160 traje 10 dana i odvija se svake godine u kolovozu. Djeca u dobi od 8-15 godina biraju jednu od \u010detiri zanimljive i obrazovne radionice: \u0161kolu animiranog filma, \u0161kolu igranog i\/ili dokumentarnog filma, \u0161kolu fotografije ili filmski dje\u010dji vrti\u0107 (za najmla\u0111e polaznike). Tijekom nastave u\u010de i teorijska znanja, ali ipak ve\u0107inu vremena provode koriste\u0107i ta znanja u praksi \u2013 osmi\u0161ljavaju\u0107i pri\u010de koje formatiraju u scenarij filmova i izra\u0111uju\u0107i ih uz pomo\u0107 dostupne opreme i uz nadzor i vodstvo renomiranih voditelja radionice. Tako je LJ\u0160F\u0160 proteklih&nbsp; godina ugostio renomirana imena iz profesionalne filmske produkcije koja su inovativan na\u010din i filmsi jezik prezentirali \u0161ipansku i dubrova\u010dku materijalnu i nematerijalnu kulturnu i prirodnu ba\u0161tinu kroz fotografije i filmove. Inovativnost i kori\u0161tenje suvremenih tehnika ogleda se i u kori\u0161tenju tehnike i tehnologije koja prati svjetske trendove u podru\u010dju neprofesionalnog filma, a sve je vidljivo i dostupno na portalu <a href=\"https:\/\/www.youtube.com\/channel\/UCTu_MVe1YZ4RXvkbhHaex2g\">https:\/\/www.youtube.com\/channel\/UCTu_MVe1YZ4RXvkbhHaex2g<\/a> (\u0160kola filma \u0160ipan).<\/p>\n<p>Sve aktivnosti koje provodimo tijekom LJ\u0160F\u0160-a i vrijednosti koje iz godine u godinu njegujemo i poti\u010demo u skladu su s Programom dravne potpore za dodjelu sredstava za promicanje AV stvarala\u0161tva, AV kulture i o\u010duvanja AV kulturne ba\u0161tine. Tijekom LJ\u0160F\u0160-a poti\u010demo razumijevanja va\u017enosti audiovizualne kulture i o\u010duvanja audiovizualne kulturne ba\u0161tine, poti\u010demo razli\u010dite kulturne izri\u010daja u smislu, ja\u010damo javnu svijest o va\u017enosti uklju\u010divanja mladih u kreativno i konstruktivno kori\u0161tenje slobodnog vremena kroz rad na osmi\u0161ljavanju i izradi AV sadr\u017eaja uz upotrebu suvremene AV tehnologije.<\/p>\n<p align=\"left\">&nbsp;<\/p>\n<p align=\"left\">Za vrijeme radionice koja se organizira na principu od ideje do premijere temeljna je ideja da djeca \u201euzmu stvar u svoje ruke\u201c, t.j.&nbsp; da sami me\u0111u sobom odrede snimatelja, ton majstora, osobu za postavljanje rasvjete itd. \u010cesto se te uloge i mijenjaju, tako da svi dolaze u mogu\u010dnost isku\u0161ati sva tehni\u010dka zanimanja vezana uz film.<\/p>\n<p align=\"left\">Va\u017ean \u010dimbenik vezan uz odr\u017eavanje radionica je i prezentacija radova nastalih u radionicama na popratnom festivalu. Djeca znaju, da u roku od deset dana (izme\u0111u 04. i 14. kolovoza) \u201emoraju\u201c imati gotov uradak, jer se na cijelom otoku o\u010dekuje premijera tog filma. Taj relativno kratki rok djeci zadaje i odre\u0111en \u201epritisak\u201c, koji me\u0111utim u ovom slu\u010daju ima pozitivni u\u010dinak, a to je da su djeca do kraja odr\u017eavanja radionice motivirana.<\/p>\n<p align=\"left\">Filmovi nastajali u na\u0161im radionicama prikazivani su po raznim <strong>doma\u0107im i me\u0111unarodnim smotrama i manifestacijama,<\/strong> \u0161to djeci pru\u017ea dodatnu mogu\u0107nost posje\u0107ivanja tih programa ali i upoznavanja i usporedbe s onim \u0161to rade njihovi vr\u0161njaci u velikim gradovima. Tu prije svega treba istaknuti dr\u017eavne Revije dje\u010djeg filmskog stvarala\u0161tva u organizaciji Hrvatskog filmskog saveza. Isto tako ponosno isti\u010demo da u suradnji s Hrvatskim filmskim savezom, Kinematografima Dubrovnik i Duff festivalom putujemo po cijelom svijetu ponosno prezentiraju\u0107i dje\u010dje filmsko stvarala\u0161tvo u Hrvatskoj. Tu svakako \u017eelimo naglasiti gostovanje na filmskom festivalu mladih u Valenciju \u2013 \u0160panjolska te u Seoulu \u2013 Koreja gdje smo bili i \u010dlanovi me\u0111unarodnog \u017eirija te vo\u0111enje radionice na filmskom festivalu u Istambulu \u2013 Turska, kao i gostovanje na festivalu Camera Zizanio- Gr\u010dka, Kratka forma \u2013 Gornji Milanovac \u2013 Srbija te Little Elephant \u2013 Maribor Slovenija.<\/p>\n<p>I dok se mla\u0111i uzrasti zabavljaju i u\u010de u radionicama, mje\u0161tani \u0160ipana i ljetni posjetitelji ovog otoka i sami sudjeluju u kreativnoj atmosferi festivala, <strong>te u\u017eivaju u filmovima i popratnim programima u <em>open air<\/em> kinu&nbsp;<\/strong> u idili\u010dnom ambijentu crkvice Sv. Antuna pored starog Platnja. Osim ovog na\u0161e idili\u010dne pozornice projekcije organiziramo i na izdvojenim lokacijama kao \u0161to su pla\u017ea Prije\u017eba i sl. U programu festivala do sada je prikazano vi\u0161e stotina filmova. Osim filmova publika je u\u017eivala i u desetcima koncerata, kazali\u0161nim predstavama te knji\u017eevnim i tematskim ve\u010derima. U sklopu jedne godine&nbsp; program odgleda vi\u0161e od 3 000 gledatelja. Za otok koji broji manje od 500 stanovnika o uspjehu i popularnosti festivala, na kojeg organizirano dolaze i gledatelji iz Grada, brojke sve govore.<\/p>\n<p>\u0160kola filma \u0160ipan <strong>u stalnoj je suradnji s mno\u0161tvom nevladinih organizacija <\/strong>poput Hrvatskog filmskog saveza i Kinematografima Dubrovnik, a ostvarena je i uzajamna <strong>suradnja s filmskom udrugom<\/strong> \u201cPegasus Film &amp; Tv\u201c iz Njema\u010dke, kao i suradnja s udrugama \u201eLu\u017ea\u201c, AVCD, Arl, Klub mladih Orlando, PSL Dubrovnik i \u201eKolarin\u201c iz Dubrovnika. S posebnim ponosom <strong><u>isti\u010demo suorganizaciju DUFF-a<\/u><\/strong> \u2013 Filmskog festivala stvarala\u0161tva djece i mladih zamalja Mediterana koji se svake godine u listopadu organizira u organizaciji Kinematografa Dubrovnik, Udruge za promicanje medijske kulture Lu\u017ea te na\u0161e udruge \u0160kola filma \u0160ipan.<\/p>\n<p>Nils Neubert &amp; Miro Bronzi\u0107<\/p>\n<p>Udruga \u201c\u0160kola filma \u0160ipan\u201d<\/p>\n","protected":false},"excerpt":{"rendered":"<p>Najva\u017enije polje kojem se posve\u0107uje \u201eLjetna \u0161kola filma \u0160ipan\u201c je razvijanje medijske kompetencije, tj. kompetentna primjena novih tehnologija i medija od strane djece u dobi od 9 do 14 godina. Prvenstveno se to odnosi na djecu otoka \u0160ipana, koja zbog specifi\u010dne situacije otoka nisu u mogu\u010dnosti tijekom godine pratiti kinematografska ostvarenja ili kazali\u0161ne izvedbe. Najbli\u017ee&#8230;<\/p>\n","protected":false},"author":1,"featured_media":0,"parent":0,"menu_order":0,"comment_status":"closed","ping_status":"open","template":"","meta":{"ngg_post_thumbnail":0},"_links":{"self":[{"href":"https:\/\/sipan-film.com\/index.php?rest_route=\/wp\/v2\/pages\/65"}],"collection":[{"href":"https:\/\/sipan-film.com\/index.php?rest_route=\/wp\/v2\/pages"}],"about":[{"href":"https:\/\/sipan-film.com\/index.php?rest_route=\/wp\/v2\/types\/page"}],"author":[{"embeddable":true,"href":"https:\/\/sipan-film.com\/index.php?rest_route=\/wp\/v2\/users\/1"}],"replies":[{"embeddable":true,"href":"https:\/\/sipan-film.com\/index.php?rest_route=%2Fwp%2Fv2%2Fcomments&post=65"}],"version-history":[{"count":6,"href":"https:\/\/sipan-film.com\/index.php?rest_route=\/wp\/v2\/pages\/65\/revisions"}],"predecessor-version":[{"id":1022,"href":"https:\/\/sipan-film.com\/index.php?rest_route=\/wp\/v2\/pages\/65\/revisions\/1022"}],"wp:attachment":[{"href":"https:\/\/sipan-film.com\/index.php?rest_route=%2Fwp%2Fv2%2Fmedia&parent=65"}],"curies":[{"name":"wp","href":"https:\/\/api.w.org\/{rel}","templated":true}]}}