{"id":1881,"date":"2025-05-26T07:52:04","date_gmt":"2025-05-26T06:52:04","guid":{"rendered":"https:\/\/sipan-film.com\/?page_id=1881"},"modified":"2025-07-20T16:11:32","modified_gmt":"2025-07-20T15:11:32","slug":"sponzori-25","status":"publish","type":"page","link":"https:\/\/sipan-film.com\/?page_id=1881","title":{"rendered":"SPONZORI 25"},"content":{"rendered":"\n<hr class=\"wp-block-separator has-alpha-channel-opacity\"\/>\n\n\n\n<p>S ponosom i zahvalno\u0161\u0107u isti\u010demo kako se program 22. Ljetne \u0161kole filma \u0160ipan i ove godine odr\u017eava <strong>pod pokroviteljstvom<\/strong> Grada Dubrovnika, Hrvatskog audiovizualnog centra, Ministarstva kulture i medija RH, Ministarstva regionalnog razvoja i fondova Europske unije RH, Turisti\u010dke zajednice Grada Dubrovnika, Turisti\u010dke zajednice Dubrova\u010dko neretvanske \u017eupanije, Dubrova\u010dko neretvanske \u017eupanije, Zajednica tehni\u010dke kulture Grada Dubrovnik i Dubrova\u010dko neretvanske \u017eupanije te <strong>suradnji s <\/strong>na\u0161im dragim partnerima Kinematografima Dubrovnik i Hrvatskim filmskim savezom i naravno uz neizostavnu pomo\u0107 u <strong>sponzorstvima i donacijama<\/strong> na\u0161ih velikih prijatelja i partnera.<\/p>\n\n\n\n<hr class=\"wp-block-separator has-alpha-channel-opacity\"\/>\n\n\n\n<p class=\"has-text-align-center has-large-font-size\"><strong>HVALA:<\/strong><br><\/p>\n\n\n\n<figure class=\"wp-block-image size-large\"><a href=\"https:\/\/sipan-film.com\/wp-content\/uploads\/2025\/07\/sponziri_25.png\" target=\"_blank\" rel=\"noreferrer noopener\"><img decoding=\"async\" loading=\"lazy\" width=\"1024\" height=\"570\" src=\"https:\/\/sipan-film.com\/wp-content\/uploads\/2025\/07\/sponziri_25-1024x570.png\" alt=\"\" class=\"wp-image-1902\" srcset=\"https:\/\/sipan-film.com\/wp-content\/uploads\/2025\/07\/sponziri_25-1024x570.png 1024w, https:\/\/sipan-film.com\/wp-content\/uploads\/2025\/07\/sponziri_25-300x167.png 300w, https:\/\/sipan-film.com\/wp-content\/uploads\/2025\/07\/sponziri_25-768x427.png 768w, https:\/\/sipan-film.com\/wp-content\/uploads\/2025\/07\/sponziri_25-1536x855.png 1536w, https:\/\/sipan-film.com\/wp-content\/uploads\/2025\/07\/sponziri_25-2048x1140.png 2048w, https:\/\/sipan-film.com\/wp-content\/uploads\/2025\/07\/sponziri_25-850x473.png 850w\" sizes=\"(max-width: 1024px) 100vw, 1024px\" \/><\/a><\/figure>\n","protected":false},"excerpt":{"rendered":"<p>S ponosom i zahvalno\u0161\u0107u isti\u010demo kako se program 22. Ljetne \u0161kole filma \u0160ipan i ove godine odr\u017eava pod pokroviteljstvom Grada Dubrovnika, Hrvatskog audiovizualnog centra, Ministarstva kulture i medija RH, Ministarstva regionalnog razvoja i fondova Europske unije RH, Turisti\u010dke zajednice Grada Dubrovnika, Turisti\u010dke zajednice Dubrova\u010dko neretvanske \u017eupanije, Dubrova\u010dko neretvanske \u017eupanije, Zajednica tehni\u010dke kulture Grada Dubrovnik i&#8230;<\/p>\n","protected":false},"author":3,"featured_media":0,"parent":0,"menu_order":0,"comment_status":"closed","ping_status":"closed","template":"","meta":{"ngg_post_thumbnail":0},"_links":{"self":[{"href":"https:\/\/sipan-film.com\/index.php?rest_route=\/wp\/v2\/pages\/1881"}],"collection":[{"href":"https:\/\/sipan-film.com\/index.php?rest_route=\/wp\/v2\/pages"}],"about":[{"href":"https:\/\/sipan-film.com\/index.php?rest_route=\/wp\/v2\/types\/page"}],"author":[{"embeddable":true,"href":"https:\/\/sipan-film.com\/index.php?rest_route=\/wp\/v2\/users\/3"}],"replies":[{"embeddable":true,"href":"https:\/\/sipan-film.com\/index.php?rest_route=%2Fwp%2Fv2%2Fcomments&post=1881"}],"version-history":[{"count":7,"href":"https:\/\/sipan-film.com\/index.php?rest_route=\/wp\/v2\/pages\/1881\/revisions"}],"predecessor-version":[{"id":1947,"href":"https:\/\/sipan-film.com\/index.php?rest_route=\/wp\/v2\/pages\/1881\/revisions\/1947"}],"wp:attachment":[{"href":"https:\/\/sipan-film.com\/index.php?rest_route=%2Fwp%2Fv2%2Fmedia&parent=1881"}],"curies":[{"name":"wp","href":"https:\/\/api.w.org\/{rel}","templated":true}]}}