{"id":1687,"date":"2024-02-21T20:17:25","date_gmt":"2024-02-21T19:17:25","guid":{"rendered":"http:\/\/sipan-film.com\/?page_id=1687"},"modified":"2024-02-21T20:22:03","modified_gmt":"2024-02-21T19:22:03","slug":"skoli-filma-sipan-nagrada-grad-dubrovnika","status":"publish","type":"page","link":"https:\/\/sipan-film.com\/?page_id=1687","title":{"rendered":"\u0160koli filma \u0160ipan NAGRADA GRADA DUBROVNIKA"},"content":{"rendered":"\n<p>Povodom velikog jubileja i 20 godina uspje\u0161nog rada \u0160kola filma \u0160ipan dobila je nagradu Grada Dubrovnika. Nagrada joj je uru\u010dena na sve\u010danoj sjednici Gradskog vije\u0107a, a sve povodom dana Grada i Feste svetog Vlaha. U obrazlo\u017eenju stoji da se Nagrada dodjeljuje za uspje\u0161an i kontinuiran rada na podru\u010dju filmskog stvarala\u0161tva.<\/p>\n\n\n\n<figure class=\"wp-block-image size-large\"><a href=\"http:\/\/sipan-film.com\/wp-content\/uploads\/2024\/02\/miro_nils_nagrada.jpg\"><img decoding=\"async\" loading=\"lazy\" width=\"646\" height=\"1024\" src=\"http:\/\/sipan-film.com\/wp-content\/uploads\/2024\/02\/miro_nils_nagrada-646x1024.jpg\" alt=\"\" class=\"wp-image-1688\" srcset=\"https:\/\/sipan-film.com\/wp-content\/uploads\/2024\/02\/miro_nils_nagrada-646x1024.jpg 646w, https:\/\/sipan-film.com\/wp-content\/uploads\/2024\/02\/miro_nils_nagrada-189x300.jpg 189w, https:\/\/sipan-film.com\/wp-content\/uploads\/2024\/02\/miro_nils_nagrada-768x1217.jpg 768w, https:\/\/sipan-film.com\/wp-content\/uploads\/2024\/02\/miro_nils_nagrada-969x1536.jpg 969w, https:\/\/sipan-film.com\/wp-content\/uploads\/2024\/02\/miro_nils_nagrada.jpg 1292w\" sizes=\"(max-width: 646px) 100vw, 646px\" \/><\/a><\/figure>\n\n\n\n<p><\/p>\n\n\n\n<p>Na ovoj iznimno sve\u010danoj ceremoniji progla\u0161enja koja je odr\u017eana 2. velja\u010de u Kazali\u0161tu Marina Dr\u017ei\u0107a nagradu i plaketu su preuzeli Miro Bronzi\u0107 i Nils Neubert.<br><br>Ve\u010der prije, a u sklopu programa Festa Dubrovnik 2024., u kino dvorani Visija odr\u017eana je dubrova\u010dka promocija monografije <em>\u201eFilmski otok\u201c<\/em> \u2013 20 godina Ljetne \u0161kole filma \u0160ipan. Rije\u010d je o monografiji koja je izdana proteklog ljeta povodom 20 godina Ljetne \u0161kole filma \u0160ipan. Nakon \u0161ipanske promocije i promocije u Zagrebu odr\u017eane u sklopu 60. Revije filmskog stvarala\u0161tva djece i mladih ovo je zapravo tre\u0107a promocija knjige . Uz autore Mira Bronzi\u0107a i Nilsa Neuberta na promociji su govorili i autorica vizuala naslovnice knjige dr. sc. Iris Loba\u0161 Kukavi\u010di\u0107, lektorica prof. Kornelija Koncul i grafi\u010dki urednik knjige Vinko Ro\u017ei\u0107. U uvodnom programu prikazan je film <em>\u201ePosao iz snova\u201c<\/em> autora Zorana \u0106ati\u0107a \u2013 dokumentarac o Ljetnoj \u0161koli filma \u0160ipan.<\/p>\n","protected":false},"excerpt":{"rendered":"<p>Povodom velikog jubileja i 20 godina uspje\u0161nog rada \u0160kola filma \u0160ipan dobila je nagradu Grada Dubrovnika. Nagrada joj je uru\u010dena na sve\u010danoj sjednici Gradskog vije\u0107a, a sve povodom dana Grada i Feste svetog Vlaha. U obrazlo\u017eenju stoji da se Nagrada dodjeljuje za uspje\u0161an i kontinuiran rada na podru\u010dju filmskog stvarala\u0161tva. Na ovoj iznimno sve\u010danoj ceremoniji&#8230;<\/p>\n","protected":false},"author":3,"featured_media":0,"parent":0,"menu_order":0,"comment_status":"closed","ping_status":"closed","template":"","meta":{"ngg_post_thumbnail":0},"_links":{"self":[{"href":"https:\/\/sipan-film.com\/index.php?rest_route=\/wp\/v2\/pages\/1687"}],"collection":[{"href":"https:\/\/sipan-film.com\/index.php?rest_route=\/wp\/v2\/pages"}],"about":[{"href":"https:\/\/sipan-film.com\/index.php?rest_route=\/wp\/v2\/types\/page"}],"author":[{"embeddable":true,"href":"https:\/\/sipan-film.com\/index.php?rest_route=\/wp\/v2\/users\/3"}],"replies":[{"embeddable":true,"href":"https:\/\/sipan-film.com\/index.php?rest_route=%2Fwp%2Fv2%2Fcomments&post=1687"}],"version-history":[{"count":5,"href":"https:\/\/sipan-film.com\/index.php?rest_route=\/wp\/v2\/pages\/1687\/revisions"}],"predecessor-version":[{"id":1695,"href":"https:\/\/sipan-film.com\/index.php?rest_route=\/wp\/v2\/pages\/1687\/revisions\/1695"}],"wp:attachment":[{"href":"https:\/\/sipan-film.com\/index.php?rest_route=%2Fwp%2Fv2%2Fmedia&parent=1687"}],"curies":[{"name":"wp","href":"https:\/\/api.w.org\/{rel}","templated":true}]}}