{"id":1453,"date":"2023-06-15T08:41:04","date_gmt":"2023-06-15T07:41:04","guid":{"rendered":"http:\/\/sipan-film.com\/?page_id=1453"},"modified":"2024-07-24T21:43:55","modified_gmt":"2024-07-24T20:43:55","slug":"monografija-filmki-otok","status":"publish","type":"page","link":"https:\/\/sipan-film.com\/?page_id=1453","title":{"rendered":"MONOGRAFIJA Filmski otok"},"content":{"rendered":"\n<figure class=\"wp-block-gallery has-nested-images columns-default is-cropped wp-block-gallery-1 is-layout-flex\">\n<figure class=\"wp-block-image size-large is-style-default\"><a href=\"https:\/\/sipan-film.com\/wp-content\/uploads\/2023\/06\/Filmski-otok-rastvoren-omot-3D.png\"><img decoding=\"async\" loading=\"lazy\" width=\"1000\" height=\"596\" data-id=\"1595\"  src=\"https:\/\/sipan-film.com\/wp-content\/uploads\/2023\/06\/Filmski-otok-rastvoren-omot-3D.png\" alt=\"\" class=\"wp-image-1595\" srcset=\"https:\/\/sipan-film.com\/wp-content\/uploads\/2023\/06\/Filmski-otok-rastvoren-omot-3D.png 1000w, https:\/\/sipan-film.com\/wp-content\/uploads\/2023\/06\/Filmski-otok-rastvoren-omot-3D-300x179.png 300w, https:\/\/sipan-film.com\/wp-content\/uploads\/2023\/06\/Filmski-otok-rastvoren-omot-3D-768x458.png 768w, https:\/\/sipan-film.com\/wp-content\/uploads\/2023\/06\/Filmski-otok-rastvoren-omot-3D-500x298.png 500w\" sizes=\"(max-width: 1000px) 100vw, 1000px\" \/><\/a><\/figure>\n\n\n\n<figure class=\"wp-block-image size-large\"><a href=\"https:\/\/sipan-film.com\/wp-content\/uploads\/2023\/06\/Filmski-otok-stranice-2-3D.png\"><img decoding=\"async\" loading=\"lazy\" width=\"1000\" height=\"726\" data-id=\"1597\"  src=\"https:\/\/sipan-film.com\/wp-content\/uploads\/2023\/06\/Filmski-otok-stranice-2-3D.png\" alt=\"\" class=\"wp-image-1597\" srcset=\"https:\/\/sipan-film.com\/wp-content\/uploads\/2023\/06\/Filmski-otok-stranice-2-3D.png 1000w, https:\/\/sipan-film.com\/wp-content\/uploads\/2023\/06\/Filmski-otok-stranice-2-3D-300x218.png 300w, https:\/\/sipan-film.com\/wp-content\/uploads\/2023\/06\/Filmski-otok-stranice-2-3D-768x558.png 768w, https:\/\/sipan-film.com\/wp-content\/uploads\/2023\/06\/Filmski-otok-stranice-2-3D-413x300.png 413w\" sizes=\"(max-width: 1000px) 100vw, 1000px\" \/><\/a><\/figure>\n\n\n\n<figure class=\"wp-block-image size-large\"><a href=\"https:\/\/sipan-film.com\/wp-content\/uploads\/2023\/06\/Filmski-otok-stranice-1-3D.png\"><img decoding=\"async\" loading=\"lazy\" width=\"1000\" height=\"726\" data-id=\"1598\"  src=\"https:\/\/sipan-film.com\/wp-content\/uploads\/2023\/06\/Filmski-otok-stranice-1-3D.png\" alt=\"\" class=\"wp-image-1598\" srcset=\"https:\/\/sipan-film.com\/wp-content\/uploads\/2023\/06\/Filmski-otok-stranice-1-3D.png 1000w, https:\/\/sipan-film.com\/wp-content\/uploads\/2023\/06\/Filmski-otok-stranice-1-3D-300x218.png 300w, https:\/\/sipan-film.com\/wp-content\/uploads\/2023\/06\/Filmski-otok-stranice-1-3D-768x558.png 768w, https:\/\/sipan-film.com\/wp-content\/uploads\/2023\/06\/Filmski-otok-stranice-1-3D-413x300.png 413w\" sizes=\"(max-width: 1000px) 100vw, 1000px\" \/><\/a><\/figure>\n<\/figure>\n\n\n\n<div class=\"wp-block-group is-layout-constrained\"><div class=\"wp-block-group__inner-container\">\n<p class=\"has-text-align-center\"><strong>Ovih dana iz tiska je iza\u0161la bogata knjiga &#8211; monografija povodom dvadeset godina LJ\u0160F\u0160-a.<br>Promocija monografije &#8220;Filmski otok&#8221;  je 13. 08. 2023.<\/strong><\/p>\n<\/div><\/div>\n\n\n\n<figure class=\"wp-block-video\"><video controls src=\"http:\/\/sipan-film.com\/wp-content\/uploads\/2023\/07\/WhatsApp-Video-2023-07-17-at-18.33.53.mp4\"><\/video><\/figure>\n","protected":false},"excerpt":{"rendered":"<p>Ovih dana iz tiska je iza\u0161la bogata knjiga &#8211; monografija povodom dvadeset godina LJ\u0160F\u0160-a.Promocija monografije &#8220;Filmski otok&#8221; je 13. 08. 2023.<\/p>\n","protected":false},"author":3,"featured_media":0,"parent":0,"menu_order":0,"comment_status":"closed","ping_status":"closed","template":"","meta":{"ngg_post_thumbnail":0},"_links":{"self":[{"href":"https:\/\/sipan-film.com\/index.php?rest_route=\/wp\/v2\/pages\/1453"}],"collection":[{"href":"https:\/\/sipan-film.com\/index.php?rest_route=\/wp\/v2\/pages"}],"about":[{"href":"https:\/\/sipan-film.com\/index.php?rest_route=\/wp\/v2\/types\/page"}],"author":[{"embeddable":true,"href":"https:\/\/sipan-film.com\/index.php?rest_route=\/wp\/v2\/users\/3"}],"replies":[{"embeddable":true,"href":"https:\/\/sipan-film.com\/index.php?rest_route=%2Fwp%2Fv2%2Fcomments&post=1453"}],"version-history":[{"count":18,"href":"https:\/\/sipan-film.com\/index.php?rest_route=\/wp\/v2\/pages\/1453\/revisions"}],"predecessor-version":[{"id":1810,"href":"https:\/\/sipan-film.com\/index.php?rest_route=\/wp\/v2\/pages\/1453\/revisions\/1810"}],"wp:attachment":[{"href":"https:\/\/sipan-film.com\/index.php?rest_route=%2Fwp%2Fv2%2Fmedia&parent=1453"}],"curies":[{"name":"wp","href":"https:\/\/api.w.org\/{rel}","templated":true}]}}