{"id":798,"date":"2017-06-19T16:34:12","date_gmt":"2017-06-19T14:34:12","guid":{"rendered":"http:\/\/sipan-film.com\/?page_id=798"},"modified":"2017-07-27T14:11:12","modified_gmt":"2017-07-27T12:11:12","slug":"program-2017","status":"publish","type":"page","link":"http:\/\/sipan-film.com\/?page_id=798","title":{"rendered":"PROGRAM 2017"},"content":{"rendered":"<p style=\"text-align: center;\"><span style=\"color: #ff9900;\"><strong>06.08. \u2013 NEDJELJA<br \/>\n<\/strong><\/span><\/p>\n<p style=\"text-align: center;\"><strong>Lj\u0160F\u0160 Koncert<\/strong><\/p>\n<p style=\"padding-left: 30px;\">21:00<em> <strong>\u0110ani Stipani\u010dev &amp; Klapa Ragusavecchia<\/strong><\/em><\/p>\n<hr>\n<p style=\"text-align: center;\"><span style=\"color: #ff9900;\"><strong>07.08. \u2013 PONEDJELJAK<br \/>\n<\/strong><\/span><\/p>\n<p style=\"text-align: center;\"><strong>Sve\u010dano otvaranje<\/strong><\/p>\n<p style=\"padding-left: 30px;\">21:00<strong><em> \u201ePosao iz snova \u2013 Ljetna \u0161kola filma \u0160ipan<\/em><\/strong><strong>\u201c<\/strong>, dokumentarni film, Zoran \u0106ati\u0107, 2017.,HR\/BIH&nbsp; &#8211; U prisustvu redatelja<strong> Zorana \u0106ati\u0107a&nbsp;&nbsp;&nbsp;&nbsp;<\/strong><strong>&nbsp;&nbsp;&nbsp;&nbsp;&nbsp;&nbsp;&nbsp;&nbsp;&nbsp;&nbsp;&nbsp;&nbsp;&nbsp;&nbsp;&nbsp;&nbsp;&nbsp;&nbsp;&nbsp;&nbsp;&nbsp;&nbsp;&nbsp;&nbsp;&nbsp;&nbsp;&nbsp;&nbsp;&nbsp;&nbsp;&nbsp;&nbsp;&nbsp;&nbsp;&nbsp; <\/strong><\/p>\n<p style=\"padding-left: 30px;\">21:40 Predstavljanje polaznika i voditelja radionica <strong>Lj\u0161f\u0160 2017.<\/strong><\/p>\n<p style=\"padding-left: 30px;\">22:00<strong><em> \u201e<a href=\"https:\/\/vimeo.com\/90962399\" target=\"_blank\" rel=\"noopener\">Kino otok\u201c<\/a><\/em><\/strong><em>,<\/em> dokumentarni film, Ivan Ramljak, 2016., HR<\/p>\n<hr>\n<p style=\"text-align: center;\"><strong><span style=\"color: #ff9900;\">08.08. \u2013 UTORAK<br \/>\n<\/span><\/strong><\/p>\n<p style=\"padding-left: 30px;\">21:00<strong> <em>\u201eOtka\u010deni otok\u201c<\/em><\/strong><em>&#8211;<\/em> radionica igranog filma LJ\u0160F\u0160 2016.<\/p>\n<p style=\"padding-left: 30px;\">21:20<a href=\"https:\/\/www.youtube.com\/watch?v=2thn54MTakU\" target=\"_blank\" rel=\"noopener\"><strong> <em>\u201eVaiana \u2013 potraga za mitskim otokom\u201c<\/em><\/strong><\/a><em>, <\/em>animirani film, Ron Clements, 2016., SAD<\/p>\n<hr>\n<p style=\"text-align: center;\"><strong><span style=\"color: #ff9900;\">09.08.\u2013 SRIJEDA<br \/>\n<\/span><\/strong><\/p>\n<p style=\"padding-left: 30px;\">21:00 <strong><em>\u201e<\/em><\/strong><strong><em>Water is Life &#8211; That magical game&#8230; some call it Le Petit Festival\u201d&nbsp;&nbsp;&nbsp;&nbsp; <\/em><\/strong><strong>Vinko Mario Prizmi\u0107<\/strong> i gosti predstavljaju <a href=\"http:\/\/lepetitfestival.com\/\" target=\"_blank\" rel=\"noopener\"><em><strong>Le Petit Festival<\/strong><\/em><\/a><\/p>\n<p style=\"padding-left: 30px;\">21:30<a href=\"https:\/\/www.youtube.com\/watch?v=Df3A3rMFy2E\" target=\"_blank\" rel=\"noopener\"><strong> <em>\u201eLav\u201c<\/em><\/strong><\/a><em>,<\/em> igrani film, Garth Davis, 2016., SAD<\/p>\n<hr>\n<p style=\"text-align: center;\"><strong><span style=\"color: #ff9900;\">10.08. \u2013 \u010cETVRTAK<br \/>\n<\/span><\/strong><\/p>\n<p style=\"padding-left: 30px;\">21:00<strong> <em>Knji\u017eevna ve\u010der uz<a href=\"http:\/\/www.dupisci.hr\/\" target=\"_blank\" rel=\"noopener\"> Luka Paljetka i Dru\u0161tvo dubrova\u010dkih pisaca&nbsp;<\/a>&nbsp;&nbsp;&nbsp;&nbsp;&nbsp;&nbsp;&nbsp;&nbsp; <\/em><\/strong>Sudjeluju:<strong> Luko Paljetak i Boris Njavro<\/strong><\/p>\n<p style=\"padding-left: 30px;\">21:30 <a href=\"https:\/\/hr.wikipedia.org\/wiki\/Bu%C5%BEa_(1988.)\" target=\"_blank\" rel=\"noopener\"><strong><em>\u201eBu\u017ea\u201c<\/em><\/strong><\/a><em>, <\/em>igrani film, Van\u010da Kljakovi\u0107, 1988., HR<\/p>\n<hr>\n<p style=\"text-align: center;\"><strong><span style=\"color: #ff9900;\">11.08. \u2013 PETAK<br \/>\n<\/span><\/strong><\/p>\n<p style=\"padding-left: 30px;\">21:00<strong> <em>\u201e\u0160ipanske baje\u201c<\/em><\/strong><em>&#8211;<\/em> radionica animiranog filma LJ\u0160F\u0160 2016.<\/p>\n<p style=\"padding-left: 30px;\">21:10<a href=\"https:\/\/www.youtube.com\/watch?v=mnqgyVr35vI\" target=\"_blank\" rel=\"noopener\"><strong><em> \u201eAnka\u201c<\/em><\/strong><\/a><em>,<\/em> igrani film, Dejan A\u0107imovi\u0107, 2016., HR &nbsp;&nbsp;&nbsp;&nbsp;&nbsp;&nbsp;&nbsp;&nbsp;&nbsp;&nbsp;&nbsp;&nbsp;&nbsp;&nbsp;&nbsp;&nbsp;&nbsp;&nbsp;&nbsp;&nbsp;&nbsp;&nbsp;&nbsp;&nbsp;&nbsp;&nbsp;&nbsp;&nbsp;&nbsp;&nbsp;&nbsp;&nbsp;&nbsp;&nbsp;&nbsp;&nbsp;&nbsp;&nbsp;&nbsp;&nbsp;&nbsp;&nbsp;&nbsp;&nbsp;&nbsp;&nbsp;&nbsp;&nbsp;&nbsp; U prisustvu redatelja <strong>Dejana A\u0107imovi\u0107a<\/strong><\/p>\n<hr>\n<p style=\"text-align: center;\"><strong><span style=\"color: #ff9900;\">12.08. \u2013SUBOTA<br \/>\n<\/span><\/strong><\/p>\n<p style=\"padding-left: 30px;\">21:00<strong> <em>\u201eQuattro \u017eurba\u201c<\/em><\/strong><em>&#8211;<\/em> radionica filmski vrti\u0107 LJ\u0160F\u0160 2016.<\/p>\n<p style=\"padding-left: 30px;\">21:15<a href=\"https:\/\/www.youtube.com\/watch?v=minVZZeCnro\" target=\"_blank\" rel=\"noopener\"><strong> <em>\u201eSkrivena strana medalja\u201c<\/em><\/strong><\/a><em>,<\/em> dokumentarni film, Antonia D. Carnerud,&nbsp;&nbsp;&nbsp; 2016., HR&nbsp; &#8211;&nbsp; U prisustvu redateljice <strong>Antonije D. Carnerud<\/strong> i <strong>Mihovila \u0160panje<\/strong>, protagonista filma<\/p>\n<hr>\n<p style=\"text-align: center;\"><span style=\"color: #ff9900;\"><strong>13.08. \u2013 NEDJELJA<br \/>\n<\/strong><\/span><\/p>\n<p style=\"text-align: center;\"><strong>Specijalna projekcija na pla\u017ei Prije\u017eba<\/strong><\/p>\n<p style=\"padding-left: 30px;\">21:00<a href=\"https:\/\/www.youtube.com\/watch?v=QHwo3a6xX5I\" target=\"_blank\" rel=\"noopener\"><strong><em> \u201eCrvna kornja\u010da\u201c<\/em><\/strong><\/a><em>,<\/em> animirani film, Michael Dudok de Wit, 2016.,<u><del><\/del><\/u> FRA\/BEL\/JAP<\/p>\n<hr>\n<p style=\"text-align: center;\"><strong><span style=\"color: #ff9900;\"> 14.08. \u2013 PONEDJELJAK&nbsp; <\/span><\/strong><\/p>\n<p style=\"text-align: center;\"><strong>Sve\u010dano zatvaranje &#8211; 21:00<br \/>\n<\/strong><\/p>\n<p style=\"padding-left: 30px;\"><strong>Premijere<\/strong> <strong>radova svih radionica<\/strong> <strong>Lj\u0161f\u0160 2017.<\/strong><\/p>\n<p style=\"text-align: left; padding-left: 30px;\">Dodjela nagrada i priznanja<\/p>\n<p>&nbsp;<\/p>\n","protected":false},"excerpt":{"rendered":"<p>06.08. \u2013 NEDJELJA Lj\u0160F\u0160 Koncert 21:00 \u0110ani Stipani\u010dev &amp; Klapa Ragusavecchia 07.08. \u2013 PONEDJELJAK Sve\u010dano otvaranje 21:00 \u201ePosao iz snova \u2013 Ljetna \u0161kola filma \u0160ipan\u201c, dokumentarni film, Zoran \u0106ati\u0107, 2017.,HR\/BIH&nbsp; &#8211; U prisustvu redatelja Zorana \u0106ati\u0107a&nbsp;&nbsp;&nbsp;&nbsp;&nbsp;&nbsp;&nbsp;&nbsp;&nbsp;&nbsp;&nbsp;&nbsp;&nbsp;&nbsp;&nbsp;&nbsp;&nbsp;&nbsp;&nbsp;&nbsp;&nbsp;&nbsp;&nbsp;&nbsp;&nbsp;&nbsp;&nbsp;&nbsp;&nbsp;&nbsp;&nbsp;&nbsp;&nbsp;&nbsp;&nbsp;&nbsp;&nbsp;&nbsp;&nbsp; 21:40 Predstavljanje polaznika i voditelja radionica Lj\u0161f\u0160 2017. 22:00 \u201eKino otok\u201c, dokumentarni film, Ivan Ramljak, 2016., HR 08.08. \u2013&#8230;<\/p>\n","protected":false},"author":3,"featured_media":0,"parent":0,"menu_order":0,"comment_status":"closed","ping_status":"closed","template":"","meta":{"ngg_post_thumbnail":0},"_links":{"self":[{"href":"http:\/\/sipan-film.com\/index.php?rest_route=\/wp\/v2\/pages\/798"}],"collection":[{"href":"http:\/\/sipan-film.com\/index.php?rest_route=\/wp\/v2\/pages"}],"about":[{"href":"http:\/\/sipan-film.com\/index.php?rest_route=\/wp\/v2\/types\/page"}],"author":[{"embeddable":true,"href":"http:\/\/sipan-film.com\/index.php?rest_route=\/wp\/v2\/users\/3"}],"replies":[{"embeddable":true,"href":"http:\/\/sipan-film.com\/index.php?rest_route=%2Fwp%2Fv2%2Fcomments&post=798"}],"version-history":[{"count":17,"href":"http:\/\/sipan-film.com\/index.php?rest_route=\/wp\/v2\/pages\/798\/revisions"}],"predecessor-version":[{"id":879,"href":"http:\/\/sipan-film.com\/index.php?rest_route=\/wp\/v2\/pages\/798\/revisions\/879"}],"wp:attachment":[{"href":"http:\/\/sipan-film.com\/index.php?rest_route=%2Fwp%2Fv2%2Fmedia&parent=798"}],"curies":[{"name":"wp","href":"https:\/\/api.w.org\/{rel}","templated":true}]}}